(-2)/y)/((-4)/912)?
6
Suppose 0 = 128*g - 21*g - 211004. What is the thousands digit of g?
1
Let s(y) = y**3 - 6*y**2 + 8*y - 13. Let m be s(5). Suppose -2*j + m*j = 7*j. Suppose -33 + 124 = 3*c - 4*g, -4*g + 20 = j. What is the units digit of c?
7
What is the tens digit of (2243 - -52) + (4 + -2)*(-5)/2?
9
Let u be ((-15)/(-6) - 2)*(-7 - -13). Suppose 3*q = -4*k - 48385, u*q = 2*q + 5. What is the units digit of 2/9 - k/225?
4
Let i = 45 - 38. Suppose -i*u - 626 = -9*u. Suppose -102 + 1 = -c + 3*h, -4*h - u = -3*c. What is the tens digit of c?
0
Suppose 0 = -4*c + 1718 + 1162. Suppose -c = 6*p - 10*p - w, 901 = 5*p + w. What is the hundreds digit of p?
1
What is the hundreds digit of 882015/(-254)*(-8)/5?
5
Let z(w) = 11*w**3 - 2*w**2 + 8*w - 183. What is the units digit of z(8)?
5
Suppose -s + 0*s + z - 1 = 0, 3*s + z + 15 = 0. What is the hundreds digit of (2 + (-106)/s)*3876/171?
6
Suppose -4*m + 7066 = z, 485*z - 2*m + 14144 = 487*z. What is the units digit of z?
4
Suppose 14 + 16 = 10*o. Suppose -o*k = -628 - 92. What is the tens digit of k?
4
Suppose 2*w - 5*g - 1830 - 1550 = 0, g - 3368 = -2*w. What is the units digit of w?
5
Suppose 10*p - 35846 = -8856. What is the hundreds digit of p?
6
Let z be (-14)/3*(5 + 1906/(-14)). Suppose -7*u + z = 2*u. What is the units digit of u?
8
Let k(j) = 2*j**2 + j**2 + 1031*j**3 - 1047*j**3 + 3*j. What is the tens digit of k(-1)?
1
Let h(s) = s**3 - 16*s**2 + 9*s - 24. Let w be h(15). Let k = w - -1022. What is the tens digit of k?
0
Let i = -11 - -14. Let x(d) = -d**3 - d**2 + 6*d + 2. Let t be x(0). Suppose m + i*m - t*p = 506, p + 381 = 3*m. What is the units digit of m?
8
Let x(m) = 434*m + 341. Let v(s) = s + 1. Let d(w) = 682*v(w) - 2*x(w). Let o be d(-1). What is the units digit of 24/9*o/8?
2
Let c be -3*1 - (-10 - -5). Suppose c*h - 8 + 0 = 0. What is the tens digit of h/6*(-324)/(-9)?
2
Suppose 13*i - 14*i = -9. Suppose 3*s + s + i = 3*t, s + t - 3 = 0. Suppose -15*y + 12*y + 450 = s. What is the tens digit of y?
5
Suppose -13 = -3*g + 128. Suppose -3*y + 2*l + 235 = 0, 3*l + 208 = 3*y - 26. Suppose s - y = g. What is the units digit of s?
6
Let x(c) = -5*c**3 + 3*c**2 - c - 25. Let q(z) = -2*z**2 + 6*z - 9. Let w be q(1). What is the hundreds digit of x(w)?
6
Let q(g) = -g**2 - 14*g - 11. Let a be q(-13). Suppose -l - 2*m = -2*l - a, -5*m + 2 = -l. What is the units digit of -4 + l/(6/(-393))?
7
Let t(u) = u**3 + 44*u**2 - 490*u - 311. What is the tens digit of t(-51)?
7
Let h(d) = 222*d**2 - 27*d - 8. What is the units digit of h(13)?
9
Suppose 2*z = 5*k - 10 - 10, -k + 3*z + 4 = 0. Let c(b) = 151*b - 93. What is the hundreds digit of c(k)?
5
Let q be (2/(-6))/(8 - (-438)/(-54)). Suppose 2*n = -h + 369, -q*h + 5*n - 7*n + 1111 = 0. What is the tens digit of h?
7
Let w = -47 - -66. Suppose 17*h - w*h + 4 = 0. Suppose -3*j = -2*z - h*z - 222, 0 = -3*j + 5*z + 225. What is the tens digit of j?
7
Suppose 6*f = 150 + 36. Suppose -f*a + a = -39120. What is the hundreds digit of a?
3
Let d be 11/((-330)/18) - 26/(-10). What is the tens digit of (-1 + -1 - -8)/(d/99)?
9
Suppose 10*m = 8*m + 5*m - 8391. What is the units digit of m?
7
Let n = 45 - 40. Suppose -5*k + 15 = -n. Suppose -k*c = 3*u - 311, 358 = 4*c - 5*u + 55. What is the units digit of c?
7
Let z(h) = -h**2 - 9*h + 164. Let t be z(-18). Suppose -3162 = -4*c + 3*x, 1588 = t*c - 5*x + 7*x. What is the hundreds digit of c?
7
Suppose 3*g = 3*c - 71253, 0 = 4*c - 5*g - 53887 - 41114. What is the ten thousands digit of c?
2
Let i = -5453 + 12751. What is the hundreds digit of i?
2
Let m = 2949 + 440. What is the hundreds digit of m?
3
Let c(f) = -13*f**3 - 34*f**2 - 92*f + 4. What is the thousands digit of c(-10)?
0
Suppose 8 = n + 1. Let l(r) = 3*r + 8*r - 2 - 5*r. What is the tens digit of l(n)?
4
Suppose -11 = r - 47. Suppose -r*m + 3558 = -30*m. What is the tens digit of m?
9
Let y(o) = -38*o**3 - 25*o**2 - 33*o - 78. What is the units digit of y(-10)?
2
Let w = -18446 + 32434. What is the ten thousands digit of w?
1
Let y be 2 + (6/9)/(6/18). Suppose 0 = 3*n + 2*s - 2629 - 1044, 5*n - 6119 = -y*s. What is the tens digit of n?
2
Let k(v) = -v - 8. Let n be k(-8). Let i be (-4)/8*158 + n. What is the tens digit of -1 - 0 - (i - -17)?
6
Let j be 3 - (4 - (1 + (6 - 2))). Suppose -3*w + j*o = -819, -5*w + 5*o + 1379 = 3*o. What is the hundreds digit of w?
2
Let v(h) = h**3 + 7*h**2 + 8*h + 5. Let r be v(-6). Let j(f) = -87*f + 259. What is the units digit of j(r)?
8
Let j = -482 - -490. What is the hundreds digit of 10/(((-16)/(-83))/j)?
4
Suppose 49*c - 112 = 42*c. Suppose -6032 = -c*x - 13*x. What is the hundreds digit of x?
2
Suppose 39*l - 450076 = -68*l + l. What is the tens digit of l?
4
Suppose 5*m = -9882 + 34547. What is the units digit of m?
3
Let y(l) = 4*l - 18. Let f be y(6). Let h(s) = -s**3 + 5*s**2 + 5*s + 5. Let c be h(f). Let j = c - -106. What is the tens digit of j?
0
Suppose -59026 - 1294 = -12*g + 217588. What is the tens digit of g?
5
Suppose -h = 7 + 100. Let o = -54 - h. Let u = 11 + o. What is the units digit of u?
4
Suppose 0 = 2*v - 7*v - 30. Let a(l) be the third derivative of l**5/30 + l**4/3 + 31*l**3/6 + 241*l**2. What is the units digit of a(v)?
5
Suppose -10 + 6 = 2*f. Let y(x) = x**3 + 3*x**2 + 3*x + 5. Let r be y(f). Suppose o + b = -0*o + 99, 0 = -2*o + r*b + 173. What is the units digit of o?
4
Let r(a) be the third derivative of -a**5/30 - 11*a**4/24 - a**3/6 - 19*a**2 + 2. What is the units digit of r(-5)?
4
Let f(j) = 14*j**3 - j**2 - 40*j - 46. What is the thousands digit of f(9)?
9
Let c = 38002 + -9713. What is the units digit of c?
9
Suppose 23*p = -16*p. Suppose -5*s = 4*v - p*v - 1766, s + 5*v = 349. What is the tens digit of s?
5
Suppose 3074*c = 3070*c + 40552. What is the hundreds digit of c?
1
Suppose -6859 + 2110 = x - 34604. What is the thousands digit of x?
9
Let l be -555*2*(-20)/8. Suppose 0 = 2*w - l + 1285. What is the units digit of w?
5
Suppose -54*k + 392 = -58*k. Let c = -37 - k. What is the units digit of (-29)/174 + c/6?
0
What is the tens digit of ((-108)/(-8))/3*30492/27?
8
Suppose 104*t - 3804775 = -1257191. What is the ten thousands digit of t?
2
Let t(u) = 0*u - 42 + 30 + u. Let w be t(9). What is the units digit of (w/4)/(1 + (-51)/48)?
2
Let t = -348 + 413. Let w = 130 + t. What is the hundreds digit of w?
1
Suppose -343*h + 351*h = 17936. Let c = h + -1579. What is the hundreds digit of c?
6
Let b(i) = -8*i + 17. Let m(q) = -8*q + 16. Let d(n) = 3*b(n) - 4*m(n). Let f be (-15)/8 + (-4635)/(-360). What is the tens digit of d(f)?
7
Let i = -241 + 245. Suppose -3*t + i*v + 29 = -1242, -2*v = 3*t - 1295. What is the units digit of t?
9
Let n = 24 + -21. Let y(w) = 14*w - 6. Let k be y(9). Suppose 332 = n*q - d + k, -4*d + 376 = 5*q. What is the units digit of q?
2
Let l = 4547 + 1628. What is the thousands digit of l?
6
Let o be 3/((-1)/5*(-210)/(-28)). What is the tens digit of -3*(o + 120/(-18))?
2
Let w(v) = -3*v**3 - 33*v**2 - 33. Let c be w(-11). What is the hundreds digit of (-43197)/c - (-1 - -1)?
3
Let f(p) = 3*p + 24. Let d be f(-8). Suppose 4*o + 0*o + 2*j - 10 = 0, -5*j + 25 = d. What is the units digit of o + 100 + -1*(-6 - -3)?
3
Suppose -5*i + 2190 = i. Suppose i + 282 = 4*b + 5*t, 8*t = 5*b - 880. What is the units digit of b?
8
Suppose -13*n - 5646 = -5*f - 17*n, -3*f = -2*n - 3370. What is the units digit of f?
6
Let q = -26 - 326. Let b = q - -744. What is the hundreds digit of b?
3
What is the hundreds digit of 3 - 6977*(2 + -3)?
9
Suppose 0 = -4*z - 0 - 16. Let g be 18/z + 12/8. What is the units digit of 108 + (1*-6 - g)?
5
Suppose 0 = 4*z + 4*p - 156344, 0 = z + 37*p - 35*p - 39094. What is the hundreds digit of z?
0
What is the hundreds digit of (-420)/(-42)*(-1)/2 + 3208?
2
Let d(f) be the second derivative of 35*f**3/6 + 199*f**2 - 256*f. What is the tens digit of d(22)?
6
Let t be (((-15)/(-2))/5)/(27/144). Suppose 8*v = 10*v + t. What is the tens digit of (v/10)/(5/(-150))?
1
Let t be -42 - (-8)/(8 + -4). Let s = t + 40. Suppose s = 9*a - 184 - 86. What is the tens digit of a?
3
What is the hundreds digit of 4/14 + (-2)/(-6) + 5749200/1512?
8
Suppose -2*f = 8*h - 129330, 13*f - 16170 = -h + 9*f. What is the units digit of h?
6
Let p = 159 - 